
-8
What is the value of -19 + (-19 - -23 - ((-2 - -1) + 0))?
-14
Calculate (-34 - (47 + -36)) + 15.
-30
Evaluate -19 - (-31 - 15 - -17).
10
What is the value of -1 + 3 - (-7 + 34 + -9) - -6?
-10
Evaluate 10 - (-7 - 2) - 0 - (-21 + 11).
29
Evaluate -13 + 6 - -2 - (-11 - (2 + -1)).
7
What is the value of 8 + -2 - (-6 + (-42 - -52))?
2
Evaluate 7 - (47 + -18) - (3 + -3 + 6).
-28
Calculate 14 - (-5 + 5 + (-3 - 1) + -3).
21
What is -1 - ((7 - 15) + 9 + 5)?
-7
Evaluate 1 + 18 + 7 - 16.
10
Evaluate (-31 - -9) + 31 - (10 - 1).
0
Calculate 5 + (4 - -1) - (15 - 5 - 4).
4
Evaluate 0 - 0 - -1 - (11 + -4).
-6
What is the value of 1 + -1 + (16 - (1 - 0)) + -5?
10
-11 - -14 - (1 - 6 - (-28 - -29))
9
(1 - 1) + -15 - -5
-10
Evaluate -17 + (65 + -36 - (4 - -7)).
1
What is (-7 - 0) + -11 + 10 + 0 - 22?
-30
Evaluate 24 + (-14 - 1 - -8 - -1).
18
What is -7 - ((0 - -14) + (-126 - -118))?
-13
What is 12 - (17 + -34 + 52)?
-23
Calculate -3 - (-24 + -5 + 17).
9
-1 + -6 - -53 - (17 - 1)
30
What is -7 + -25 + 19 + 17?
4
Calculate -2 + 5 + -6 - 3 - (-4 + -1).
-1
What is -14 - ((17 - 7) + -39)?
15
Evaluate 10 + -7 - (31 + -35).
7
Evaluate 7 + 2 + -31 + -10 + 10 + 15.
-7
What is 3 + -8 - -3 - (2 - (5 - -5))?
6
What is -6 + -1 + -35 + 37 - -9?
4
(-6 + 9 - 10 - (0 + 3)) + -1
-11
Calculate (28 - 84) + 17 + 37.
-2
Calculate (15 - 15) + 10 + -11.
-1
(63 - 27 - 73) + (-2 - -11 - -1)
-27
(18 + -8 - (4 - 0)) + (18 - 20)
4
What is the value of -34 - (-34 + -21 + 34)?
-13
What is the value of 7 - (-66 - -65 - (-5 + 3))?
6
Calculate 5 - 9 - (-4 - 1).
1
Evaluate 21 - ((5 - 9) + 17).
8
0 + -13 - ((-12 - -32) + -8)
-25
Calculate -5 + 9 - (0 + 7) - -4 - 13.
-12
What is 4 + -1 + (-20 - (5 - 20)) - 2?
-4
Calculate (-11 + -13 + 20 - -9) + -9.
-4
10 + (-5 - (-5 - -3)) - (8 - 4)
3
What is the value of (-3 - -16 - 0) + -6?
7
Evaluate -30 - -20 - (-2 + -4).
-4
Evaluate (1 - -2) + (-43 - -18 - 12 - -4).
-30
Evaluate (-1 - -1) + (93 - 90) - 12.
-9
Evaluate 35 + -81 + (-25 - -64).
-7
What is the value of -894 + 885 + (18 - -1)?
10
What is the value of 2 - (6 - (-12 + 8 + -1 + -7))?
-16
Evaluate -6 + 12 - (-7 - -8).
5
Calculate 16 + (-10 - (2 - -9)).
-5
What is 6 + -2 - (-6 + 0 + 14 - 14)?
10
Evaluate 32 + -38 - -14 - (-2 - (-2 + -5)).
3
Calculate 5 - ((-30 - (-6 + -1)) + 2).
26
Evaluate -7 + -5 - (7 + -21 - -6).
-4
What is the value of (3 - 5) + (4 - (-2 + 8) - -7)?
3
Evaluate -1 + (0 - -29) + (192 - 205).
15
(-51 - -35) + (-4 - -13)
-7
What is the value of -2 + (-2 + -2 - (0 + 0))?
-6
4 + 3 + (-1 - 6) + -4
-4
-4 - ((-42 - -19) + 3)
16
1 + 7 + (35 - -5 - 40)
8
Evaluate (75 - 99) + 13 + -15.
-26
Evaluate -16 + 8 + -7 + 6.
-9
Evaluate 7 - (-5 + 2 + -7 + 32).
-15
-25 - (1 + (4 - 22))
-8
What is the value of -6 + 10 - (-15 + 0 + 6)?
13
What is the value of -5 - (-1 + (-10 - -4) + 1)?
1
Calculate -2 + 6 + (-6 - (3 + 10)) + 3.
-12
11 + -27 - (25 - 72)
31
What is the value of (-24 - -30 - 32) + 52?
26
Evaluate -28 + 0 - (738 + -762).
-4
Evaluate -8 + (-1 + 7 - -19) + -10.
7
What is -1 - -13 - (-8 - (-34 + 18))?
4
What is the value of 5 - (-39 + 88 + -48)?
4
Calculate -7 - (-9 - 0 - (5 - (-10 - -19))).
-2
Evaluate -12 + 4 + -4 + 0 + -5 + 9.
-8
Calculate (-1 - -3 - 1) + (-207 - -208) - 0.
2
(0 - -4) + (4 - 15) + 4
-3
What is the value of 7 + -15 + 12 + -8 + -2?
-6
Calculate (77 - 83) + (13 - -2 - 2) + 2.
9
Evaluate 60 - 52 - (4 + 32).
-28
What is the value of (726 - 724) + 18 + 1 + -5 + 2?
18
What is (-12 - -1) + 20 - (33 - -2)?
-26
Evaluate 6 + -13 - ((0 - -5) + 1).
-13
What is the value of (49 - 56) + (9 - 0) - (-10 + -2)?
14
(-3 - (6 + -25)) + -16 + 4
4
-228 + 238 - (0 - -8)
2
Evaluate (7 - 4) + 14 - (1 - 12).
28
Evaluate (1 - -35) + (464 - 495).
5
-54 + 60 - (-2 - (-7 + 2 + -3))
0
Calculate -1 - (18 - (1 + 16)) - (10 + 0).
-12
What is the value of (-48 - 0) + (168 - 141)?
-21
-18 - ((-486 - -478) + -1 + -9)
0
What is the value of 46 + -21 + -6 - 25?
-6
Calculate -29 - -18 - (-3 - 4).
-4
What is the value of 3 + (4 - 44) + -21 + 4 + 24?
-30
Evaluate 2 - -14 - (56 - (-12 + 64)).
12
Evaluate -2 - (10 + -23) - 3.
8
-16 - -6 - (2 + -10 + 17)
-19
Evaluate -2 + 20 + (-4 + 7 - 48).
-27
What is the value of (44 - 42) + 1 + 0 + (-2 - -9)?
10
What is the value of 1 + 0 + (10 - (9 + -6 + 1))?
7
Evaluate (-16 - (4 + -30)) + 0.
10
Calculate 471 + -517 + 0 + 31.
-15
What is 12 - (-3 - (12 + -8 - 8))?
11
What is the value of -11 + (8 - 4) + 16 + -1 + -4?
4
What is the value of 8 + (1 - 4) + -5 + 5 + -5?
0
What is 19 - 6 - (14 + -11 + 7)?
3
(3 - -9) + (-4 - -7) + -9 - 17
-11
What is 12 - (1 - -1) - (-64 - -62)?
12
What is 5 + -1 + (7 - (-7 - -20)) + 8?
6
What is the value of (19 - 8) + -2 + (-6 - -3) - -4?
10
What is -29 + 22 + 7 + 9?
9
Evaluate 18 - -4 - 15 - -4.
11
Calculate 8 + -15 - -9 - (-1 + -24 + 8).
19
What is (0 - 11) + (5 - (2 + -4)) + 1?
-3
Calculate 4 + (0 - 0) - (-81 - -39 - -29).
17
What is 4 + -19 - (4 - (-3 - -10))?
-12
What is -315 + 293 - (-1 + -1)?
-20
Calculate -19 + 26 - 11 - (-1 - 17) - 8.
6
What is the value of -33 - -45 - (5 + (-4 - 0) + 10)?
1
What is the value of -1 + -1 - (228 + -250)?
20
What is the value of -4 - (1 - (2 + 6) - -4 - 8)?
7
-1 + -6 + 7 + -1 - (-1 - -14)
-14
-49 - (-15 - (1 - -12))
-21
What is (1 - -9 - 1) + 4 + (19 - 20)?
12
What is (6 - -12) + (-4 - 6)?
8
59 - 62 - (-1 - 5)
3
What is the value of 1 - ((-4 - -13) + 7) - -41?
26
Calculate 15 - 17 - 28 - -47.
17
(3 - (22 - (10 - 9))) + 5
-13
What is (233 - 245) + 21 + 1?
10
12 + (-31 - (-10 + -5)) - (10 - -1)
-15
Calculate -15 - (-11 + 0 + 7 + 4).
-15
What is 9 + 0 + (4 - 18 - 2)?
-7
Evaluate (1 - -30 - 3) + (35 - 53) + 10.
20
Evaluate -30 + -4 + 37 + 7 + -1.
9
-210 + 171 + (29 - -4)
-6
What is the value of -6 - 3 - (-9 - -15)?
-15
Evaluate 1 - (30 - (28 + -13)).
-14
What is (-90 - -100) + 10 + -1 - 2?
17
Evaluate (17 - (-18 + 26)) + -12.
-3
-4 + -9 + -3 + 11 + 0 + 1
-4
Calculate -270 - -302 - (19 - -1).
12
What is the value of 10 + (-2 - 0) + -49 + 70 + -32?
-3
33 - (-31 - -87 - 24)
1
What is the value of (-1 - (0 - -3)) + 3 + 14 + -7?
6
What is 2 + (-8 - -1 - (13 + -14))?
-4
Calculate -11 + 5 + -18 + 15 + 9 + 14.
14
What is (-17 - -20) + (-6 - (5 + -3))?
-5
-17 - (4 - (-9 - (-23 + 8)))
-15
Calculate 17 - (17 + 10) - -5.
-5
Calculate -1 + 1 + -2 - (-91 + 77).
12
What is the value of (15 + -18 - (5 + -28 + -1)) + 2?
23
What is the value of -3 + (3 - (-2 + -7 + 9)) - -22?
22
(-15 - (3 - 0)) + (43 - 31)
-6
What is 8 - 0 - (3028 + -2993)?
-27
Evaluate -301 + 313 - (-14 - 0).
26
What is the value of -4 + (4 - (-6 + (-6 - -18))) + 11?
5
What is 4 + 10 + -8 - (11 - 19)?
14
Calculate -2 - (-11 + 4 + 1 - (1 + -3)).
2
What is the value of (-2 - 0) + 1 + (1446 - 1446)?
-1
Evaluate (-10 - -3) + 6 - (-4 + -5).
8
What is the value of 16 - (-2 - (-6 - 0))?
12
What is -29 - ((7 - -8) + -21)?
-23
What is the value of (13 + -6 - 8 - -2) + 5 - -6?
12
Evaluate (5 - ((7 - -1) + 8)) + (3 - -5).
-3
Evaluate 48 - (35 - 2 - 14).
29
What is the value of -4 + (13 - 19) + (1 + -1 - 3)?
-13
Calculate -11 + 17 + (-2 - (-2 + 0)) - 0.
6
What is -25 + (29 - (40 - 20))?
-16
Evaluate 19 - (5 + -26 + 19 - -31).
-10
What is the value of (14 - 14) + -16 + 14?
-2
What is the value of 6 + (-14 - 1) + (8 - (-2 + 2))?
-1
Calculate (1 - 4) + -40 + (98 - 41).
14
(10 - 0) + 3 + -3 + 6 + -12
4
454 + -459 - (-1 + -22)
18
Evaluate (8 - ((13 - 8) + -4)) + 3.
10
(7 - (23 + -1)) + 22
7
What is the value of 20 + -4 + -8 + -2 + -3?
3
What is the value of 6 + 8 - 8 - (9 - (5 + -3))?
-1
What is -10 + 25 - (-30 + 31)?
14
What is -11 - (-8 + (7 - -2) - 1)?
-11
-58 + 95 + 5 + -31
11
Calculate 5 - (6 - (0 - (-11 - (11 - 7)))).
14
Calculate (-6 - -14) + -3 + -25 + (6 - 0).
-14
What is the value of -38 - ((-11 - -24) + -25)?
-26
-13 + 10 + -2 + 4 + -4 + -3
-8
3 + (3 - (-2 - (-3 + 0))) - -7
12
What is 2 + -27 + 6 - -8?
-11
What is (-10 - -27) + (-2 - -5) - (11 + -9)?
18
What is the value of -6 - (-9 - (-4 - 4) - 8)?
3
Calculate (-5 - (5 - -9)) + 9.
-10
Calculate 13 + -6 + 22 - (4 - 4 - -5).
24
What is -7 + 17 + 14 + -20?
4
Evaluate -3 + (8 - 1 - -2) + -19.
-13
Calculate 0 - (-12 + 11) - (-30 + 4 - 0).
27
1 - 21 - (12 + -10 + 3 - 4)
-21
What is -1 + -2 + (17 - 6 - (20 + -20))?
8
What is the value of -13 - ((-8 - -11) + 0 + 12)?
-28
What is the value of 5 + -3 - (11 + (9 - 12))?
-6
Ev